y 13.
8
What is the remainder when 44 is divided by 13?
5
What is the remainder when 358 is divided by 33?
28
What is the remainder when 107 is divided by 65?
42
Calculate the remainder when 305 is divided by 34.
33
Calculate the remainder when 284 is divided by 7.
4
Calculate the remainder when 78 is divided by 22.
12
What is the remainder when 51 is divided by 9?
6
What is the remainder when 1586 is divided by 586?
414
What is the remainder when 3316 is divided by 11?
5
Calculate the remainder when 537 is divided by 75.
12
What is the remainder when 381 is divided by 48?
45
What is the remainder when 670 is divided by 171?
157
Calculate the remainder when 319 is divided by 23.
20
Calculate the remainder when 249 is divided by 18.
15
Calculate the remainder when 3530 is divided by 107.
106
What is the remainder when 832 is divided by 415?
2
Calculate the remainder when 8369 is divided by 28.
25
Calculate the remainder when 1113 is divided by 366.
15
What is the remainder when 17 is divided by 12?
5
What is the remainder when 210 is divided by 53?
51
Calculate the remainder when 2034 is divided by 11.
10
What is the remainder when 129 is divided by 66?
63
Calculate the remainder when 437 is divided by 27.
5
What is the remainder when 522 is divided by 283?
239
Calculate the remainder when 341 is divided by 59.
46
Calculate the remainder when 318 is divided by 48.
30
What is the remainder when 1273 is divided by 71?
66
What is the remainder when 564 is divided by 52?
44
Calculate the remainder when 963 is divided by 138.
135
What is the remainder when 158 is divided by 27?
23
What is the remainder when 38 is divided by 27?
11
Calculate the remainder when 718 is divided by 56.
46
What is the remainder when 1789 is divided by 14?
11
Calculate the remainder when 55 is divided by 15.
10
What is the remainder when 4687 is divided by 51?
46
What is the remainder when 725 is divided by 104?
101
What is the remainder when 109 is divided by 10?
9
Calculate the remainder when 325 is divided by 86.
67
Calculate the remainder when 764 is divided by 32.
28
Calculate the remainder when 510 is divided by 64.
62
What is the remainder when 190 is divided by 34?
20
What is the remainder when 148 is divided by 54?
40
Calculate the remainder when 244 is divided by 95.
54
Calculate the remainder when 3920 is divided by 979.
4
What is the remainder when 94 is divided by 7?
3
What is the remainder when 350 is divided by 9?
8
Calculate the remainder when 167 is divided by 62.
43
What is the remainder when 920 is divided by 305?
5
What is the remainder when 146 is divided by 24?
2
Calculate the remainder when 198 is divided by 51.
45
Calculate the remainder when 378 is divided by 40.
18
What is the remainder when 6837 is divided by 26?
25
Calculate the remainder when 565 is divided by 63.
61
Calculate the remainder when 82 is divided by 12.
10
What is the remainder when 175 is divided by 80?
15
What is the remainder when 1168 is divided by 41?
20
Calculate the remainder when 1817 is divided by 895.
27
Calculate the remainder when 78 is divided by 48.
30
Calculate the remainder when 42206 is divided by 134.
130
What is the remainder when 1933 is divided by 20?
13
Calculate the remainder when 1702 is divided by 131.
130
Calculate the remainder when 125 is divided by 13.
8
Calculate the remainder when 148 is divided by 25.
23
Calculate the remainder when 1086 is divided by 109.
105
Calculate the remainder when 466 is divided by 204.
58
Calculate the remainder when 610 is divided by 19.
2
Calculate the remainder when 148 is divided by 19.
15
What is the remainder when 294 is divided by 24?
6
Calculate the remainder when 92 is divided by 32.
28
Calculate the remainder when 186 is divided by 89.
8
What is the remainder when 2264 is divided by 27?
23
Calculate the remainder when 4006 is divided by 1000.
6
What is the remainder when 3110 is divided by 133?
51
Calculate the remainder when 251 is divided by 12.
11
Calculate the remainder when 709 is divided by 176.
5
What is the remainder when 410 is divided by 70?
60
Calculate the remainder when 869 is divided by 30.
29
What is the remainder when 55 is divided by 15?
10
Calculate the remainder when 273 is divided by 28.
21
What is the remainder when 5094 is divided by 82?
10
What is the remainder when 714 is divided by 9?
3
What is the remainder when 54 is divided by 28?
26
Calculate the remainder when 149 is divided by 45.
14
What is the remainder when 6786 is divided by 219?
216
What is the remainder when 74 is divided by 13?
9
Calculate the remainder when 153 is divided by 95.
58
Calculate the remainder when 730 is divided by 92.
86
Calculate the remainder when 155 is divided by 38.
3
What is the remainder when 469 is divided by 95?
89
What is the remainder when 841 is divided by 43?
24
Calculate the remainder when 1364 is divided by 681.
2
What is the remainder when 1862 is divided by 23?
22
Calculate the remainder when 187 is divided by 68.
51
Calculate the remainder when 155 is divided by 55.
45
What is the remainder when 287 is divided by 32?
31
Calculate the remainder when 1108 is divided by 178.
40
What is the remainder when 32 is divided by 16?
0
What is the remainder when 225 is divided by 71?
12
What is the remainder when 338 is divided by 161?
16
What is the remainder when 250 is divided by 64?
58
What is the remainder when 928 is divided by 464?
0
Calculate the remainder when 1027 is divided by 223.
135
What is the remainder when 1720 is divided by 134?
112
What is the remainder when 138 is divided by 9?
3
Calculate the remainder when 2830 is divided by 98.
86
What is the remainder when 391 is divided by 42?
13
What is the remainder when 200 is divided by 7?
4
What is the remainder when 1572 is divided by 26?
12
Calculate the remainder when 754 is divided by 193.
175
Calculate the remainder when 212 is divided by 22.
14
Calculate the remainder when 315 is divided by 170.
145
What is the remainder when 369 is divided by 7?
5
What is the remainder when 11865 is divided by 129?
126
What is the remainder when 583 is divided by 137?
35
What is the remainder when 6747 is divided by 211?
206
What is the remainder when 504 is divided by 114?
48
What is the remainder when 901 is divided by 65?
56
What is the remainder when 73 is divided by 15?
13
Calculate the remainder when 267 is divided by 68.
63
What is the remainder when 72 is divided by 39?
33
What is the remainder when 840 is divided by 16?
8
What is the remainder when 184 is divided by 94?
90
What is the remainder when 81 is divided by 21?
18
What is the remainder when 320 is divided by 301?
19
Calculate the remainder when 2076 is divided by 9.
6
Calculate the remainder when 529 is divided by 131.
5
What is the remainder when 22 is divided by 12?
10
What is the remainder when 448 is divided by 214?
20
Calculate the remainder when 2759 is divided by 138.
137
What is the remainder when 378 is divided by 24?
18
What is the remainder when 165 is divided by 163?
2
What is the remainder when 460 is divided by 66?
64
What is the remainder when 841 is divided by 170?
161
What is the remainder when 191 is divided by 52?
35
What is the remainder when 1294 is divided by 18?
16
Calculate the remainder when 161 is divided by 15.
11
Calculate the remainder when 206 is divided by 80.
46
Calculate the remainder when 104 is divided by 23.
12
Calculate the remainder when 2054 is divided by 1024.
6
Calculate the remainder when 435 is divided by 111.
102
What is the remainder when 380 is divided by 17?
6
Calculate the remainder when 192 is divided by 27.
3
What is the remainder when 61 is divided by 16?
13
What is the remainder when 1111 is divided by 18?
13
What is the remainder when 1211 is divided by 43?
7
What is the remainder when 77 is divided by 22?
11
What is the remainder when 134 is divided by 40?
14
Calculate the remainder when 95 is divided by 54.
41
Calculate the remainder when 254 is divided by 57.
26
Calculate the remainder when 1123 is divided by 75.
73
Calculate the remainder when 108 is divided by 27.
0
What is the remainder when 1816 is divided by 16?
8
What is the remainder when 127 is divided by 12?
7
What is the remainder when 89 is divided by 17?
4
What is 